{"id":850,"date":"2022-10-09T00:21:27","date_gmt":"2022-10-09T00:21:27","guid":{"rendered":"http:\/\/localhost\/popcorn\/?page_id=850"},"modified":"2023-02-21T20:51:46","modified_gmt":"2023-02-21T19:51:46","slug":"affiliate","status":"publish","type":"page","link":"https:\/\/ebotv.com\/france\/affiliate\/","title":{"rendered":"Affiliate"},"content":{"rendered":"\t\t<div data-elementor-type=\"wp-page\" data-elementor-id=\"850\" class=\"elementor elementor-850\">\n\t\t\t\t\t\t<section class=\"elementor-section elementor-top-section elementor-element elementor-element-6b684855 elementor-section-boxed elementor-section-height-default elementor-section-height-default\" data-id=\"6b684855\" data-element_type=\"section\" data-e-type=\"section\" data-settings=\"{&quot;background_background&quot;:&quot;gradient&quot;}\">\n\t\t\t\t\t\t\t<div class=\"elementor-background-overlay\"><\/div>\n\t\t\t\t\t\t\t<div class=\"elementor-container elementor-column-gap-default\">\n\t\t\t\t\t<div class=\"elementor-column elementor-col-100 elementor-top-column elementor-element elementor-element-69a85f4c\" data-id=\"69a85f4c\" data-element_type=\"column\" data-e-type=\"column\">\n\t\t\t<div class=\"elementor-widget-wrap elementor-element-populated\">\n\t\t\t\t\t\t<div class=\"elementor-element elementor-element-2e8b470f elementor-widget elementor-widget-bdt-advanced-heading\" data-id=\"2e8b470f\" data-element_type=\"widget\" data-e-type=\"widget\" data-widget_type=\"bdt-advanced-heading.default\">\n\t\t\t\t<div class=\"elementor-widget-container\">\n\t\t\t\t\t<div id =\"2e8b470f\" class=\"bdt-ep-advanced-heading\" data-settings=\"{&quot;titleMultiColor&quot;:&quot;no&quot;}\"><div class=\"bdt-ep-advanced-heading-sub-title\"><div class=\"bdt-ep-advanced-heading-sub-title-content\">AFFILI\u00c9 OU REVENDEUR<\/div><\/div> <h2 class=\"bdt-ep-advanced-heading-title\"><span class=\"bdt-ep-advanced-heading-main-title\"><span class=\"bdt-ep-advanced-heading-main-title-inner\">Postulez \u00e0 notre programme d'affiliation<\/span><\/span><\/h2><\/div>\t\t\t\t<\/div>\n\t\t\t\t<\/div>\n\t\t\t\t<div class=\"elementor-element elementor-element-2e34c018 elementor-widget elementor-widget-text-editor\" data-id=\"2e34c018\" data-element_type=\"widget\" data-e-type=\"widget\" data-widget_type=\"text-editor.default\">\n\t\t\t\t<div class=\"elementor-widget-container\">\n\t\t\t\t\t\t\t\t\t<div class=\"text-block-19\">Veuillez remplir le formulaire ci-dessous, un membre de notre \u00e9quipe vous contactera bient\u00f4t.<\/div>\t\t\t\t\t\t\t\t<\/div>\n\t\t\t\t<\/div>\n\t\t\t\t<section class=\"elementor-section elementor-inner-section elementor-element elementor-element-40666f4a elementor-section-boxed elementor-section-height-default elementor-section-height-default\" data-id=\"40666f4a\" data-element_type=\"section\" data-e-type=\"section\">\n\t\t\t\t\t\t<div class=\"elementor-container elementor-column-gap-default\">\n\t\t\t\t\t<div class=\"elementor-column elementor-col-100 elementor-inner-column elementor-element elementor-element-34e56ebc\" data-id=\"34e56ebc\" data-element_type=\"column\" data-e-type=\"column\">\n\t\t\t<div class=\"elementor-widget-wrap elementor-element-populated\">\n\t\t\t\t\t\t<div class=\"elementor-element elementor-element-2f9ab31a elementor-button-align-stretch elementor-widget elementor-widget-form\" data-id=\"2f9ab31a\" data-element_type=\"widget\" data-e-type=\"widget\" data-settings=\"{&quot;step_next_label&quot;:&quot;Next&quot;,&quot;step_previous_label&quot;:&quot;Previous&quot;,&quot;button_width&quot;:&quot;100&quot;,&quot;step_type&quot;:&quot;number_text&quot;,&quot;step_icon_shape&quot;:&quot;circle&quot;}\" data-widget_type=\"form.default\">\n\t\t\t\t<div class=\"elementor-widget-container\">\n\t\t\t\t\t\t\t<form class=\"elementor-form\" method=\"post\" name=\"New Form\">\n\t\t\t<input type=\"hidden\" name=\"post_id\" value=\"850\"\/>\n\t\t\t<input type=\"hidden\" name=\"form_id\" value=\"2f9ab31a\"\/>\n\t\t\t<input type=\"hidden\" name=\"referer_title\" value=\"Ebotv\" \/>\n\n\t\t\t\n\t\t\t<div class=\"elementor-form-fields-wrapper elementor-labels-above\">\n\t\t\t\t\t\t\t\t<div class=\"elementor-field-type-text elementor-field-group elementor-column elementor-field-group-name elementor-col-100\">\n\t\t\t\t\t\t\t\t\t\t\t\t<label for=\"form-field-name\" class=\"elementor-field-label\">\n\t\t\t\t\t\t\t\tNom\t\t\t\t\t\t\t<\/label>\n\t\t\t\t\t\t\t\t\t\t\t\t\t\t<input size=\"1\" type=\"text\" name=\"form_fields[name]\" id=\"form-field-name\" class=\"elementor-field elementor-size-sm  elementor-field-textual\" placeholder=\"Nom\">\n\t\t\t\t\t\t\t\t\t\t\t<\/div>\n\t\t\t\t\t\t\t\t<div class=\"elementor-field-type-email elementor-field-group elementor-column elementor-field-group-email elementor-col-100 elementor-field-required\">\n\t\t\t\t\t\t\t\t\t\t\t\t<label for=\"form-field-email\" class=\"elementor-field-label\">\n\t\t\t\t\t\t\t\tEmail\t\t\t\t\t\t\t<\/label>\n\t\t\t\t\t\t\t\t\t\t\t\t\t\t<input size=\"1\" type=\"email\" name=\"form_fields[email]\" id=\"form-field-email\" class=\"elementor-field elementor-size-sm  elementor-field-textual\" placeholder=\"Email\" required=\"required\" aria-required=\"true\">\n\t\t\t\t\t\t\t\t\t\t\t<\/div>\n\t\t\t\t\t\t\t\t<div class=\"elementor-field-type-text elementor-field-group elementor-column elementor-field-group-field_da21ba1 elementor-col-100 elementor-field-required\">\n\t\t\t\t\t\t\t\t\t\t\t\t<label for=\"form-field-field_da21ba1\" class=\"elementor-field-label\">\n\t\t\t\t\t\t\t\tPays\t\t\t\t\t\t\t<\/label>\n\t\t\t\t\t\t\t\t\t\t\t\t\t\t<input size=\"1\" type=\"text\" name=\"form_fields[field_da21ba1]\" id=\"form-field-field_da21ba1\" class=\"elementor-field elementor-size-sm  elementor-field-textual\" placeholder=\"Pays\" required=\"required\" aria-required=\"true\">\n\t\t\t\t\t\t\t\t\t\t\t<\/div>\n\t\t\t\t\t\t\t\t<div class=\"elementor-field-type-textarea elementor-field-group elementor-column elementor-field-group-field_21e03fe elementor-col-100 elementor-field-required\">\n\t\t\t\t\t\t\t\t\t\t\t\t<label for=\"form-field-field_21e03fe\" class=\"elementor-field-label\">\n\t\t\t\t\t\t\t\tExp\u00e9rience et source de trafic\t\t\t\t\t\t\t<\/label>\n\t\t\t\t\t\t<textarea class=\"elementor-field-textual elementor-field  elementor-size-sm\" name=\"form_fields[field_21e03fe]\" id=\"form-field-field_21e03fe\" rows=\"4\" placeholder=\"Exp\u00e9rience et source de trafic\" required=\"required\" aria-required=\"true\"><\/textarea>\t\t\t\t<\/div>\n\t\t\t\t\t\t\t\t<div class=\"elementor-field-group elementor-column elementor-field-type-submit elementor-col-100 e-form__buttons\">\n\t\t\t\t\t<button type=\"submit\" class=\"elementor-button elementor-size-sm\">\n\t\t\t\t\t\t<span >\n\t\t\t\t\t\t\t\t\t\t\t\t\t\t\t<span class=\" elementor-button-icon\">\n\t\t\t\t\t\t\t\t\t\t\t\t\t\t\t\t\t\t\t\t\t\t\t\t\t\t<\/span>\n\t\t\t\t\t\t\t\t\t\t\t\t\t\t\t\t\t\t\t\t\t\t<span class=\"elementor-button-text\">Envoyer<\/span>\n\t\t\t\t\t\t\t\t\t\t\t\t\t<\/span>\n\t\t\t\t\t<\/button>\n\t\t\t\t<\/div>\n\t\t\t<\/div>\n\t\t<\/form>\n\t\t\t\t\t\t<\/div>\n\t\t\t\t<\/div>\n\t\t\t\t<div class=\"elementor-element elementor-element-43c18630 elementor-align-center elementor-icon-list--layout-traditional elementor-list-item-link-full_width elementor-widget elementor-widget-icon-list\" data-id=\"43c18630\" data-element_type=\"widget\" data-e-type=\"widget\" data-widget_type=\"icon-list.default\">\n\t\t\t\t<div class=\"elementor-widget-container\">\n\t\t\t\t\t\t\t<ul class=\"elementor-icon-list-items\">\n\t\t\t\t\t\t\t<li class=\"elementor-icon-list-item\">\n\t\t\t\t\t\t\t\t\t\t\t<span class=\"elementor-icon-list-icon\">\n\t\t\t\t\t\t\t<i aria-hidden=\"true\" class=\"fas fa-comment-dots\"><\/i>\t\t\t\t\t\t<\/span>\n\t\t\t\t\t\t\t\t\t\t<span class=\"elementor-icon-list-text\">Veuillez utiliser le chat en direct ci-dessous pour une r\u00e9ponse instantan\u00e9e<\/span>\n\t\t\t\t\t\t\t\t\t<\/li>\n\t\t\t\t\t\t<\/ul>\n\t\t\t\t\t\t<\/div>\n\t\t\t\t<\/div>\n\t\t\t\t<div class=\"elementor-element elementor-element-4017ece elementor-hidden-mobile elementor-widget elementor-widget-bdt-advanced-heading\" data-id=\"4017ece\" data-element_type=\"widget\" data-e-type=\"widget\" data-widget_type=\"bdt-advanced-heading.default\">\n\t\t\t\t<div class=\"elementor-widget-container\">\n\t\t\t\t\t<div id =\"4017ece\" class=\"bdt-ep-advanced-heading\" data-settings=\"{&quot;titleMultiColor&quot;:&quot;no&quot;}\"><h4 class=\"bdt-ep-advanced-heading-title\"><span class=\"bdt-ep-advanced-heading-main-title\"><span class=\"bdt-ep-advanced-heading-main-title-inner\">EN LIGNE<\/span><span class=\"bdt-mainh-split-text\">Notre \u00e9quipe r\u00e9pondra g\u00e9n\u00e9ralement en 5 minutes (heures de travail)<\/span><\/span><\/h4><\/div>\t\t\t\t<\/div>\n\t\t\t\t<\/div>\n\t\t\t\t\t<\/div>\n\t\t<\/div>\n\t\t\t\t\t<\/div>\n\t\t<\/section>\n\t\t\t\t\t<\/div>\n\t\t<\/div>\n\t\t\t\t\t<\/div>\n\t\t<\/section>\n\t\t\t\t<\/div>\n\t\t","protected":false},"excerpt":{"rendered":"<p>AFFILI\u00c9 OU REVENDEUR Postulez \u00e0 notre programme d&#8217;affiliation Veuillez remplir le formulaire ci-dessous, un membre de notre \u00e9quipe vous contactera bient\u00f4t. Veuillez [&hellip;]<\/p>\n","protected":false},"author":1,"featured_media":0,"parent":0,"menu_order":0,"comment_status":"closed","ping_status":"closed","template":"","meta":{"_uag_custom_page_level_css":"","_joinchat":[],"footnotes":""},"class_list":["post-850","page","type-page","status-publish","hentry"],"yoast_head":"<!-- This site is optimized with the Yoast SEO plugin v27.5 - https:\/\/yoast.com\/product\/yoast-seo-wordpress\/ -->\n<title>Affiliate - Ebotv<\/title>\n<meta name=\"robots\" content=\"index, follow, max-snippet:-1, max-image-preview:large, max-video-preview:-1\" \/>\n<link rel=\"canonical\" href=\"https:\/\/ebotv.com\/france\/affiliate\/\" \/>\n<meta property=\"og:locale\" content=\"en_US\" \/>\n<meta property=\"og:type\" content=\"article\" \/>\n<meta property=\"og:title\" content=\"Affiliate - Ebotv\" \/>\n<meta property=\"og:description\" content=\"AFFILI\u00c9 OU REVENDEUR Postulez \u00e0 notre programme d&#8217;affiliation Veuillez remplir le formulaire ci-dessous, un membre de notre \u00e9quipe vous contactera bient\u00f4t. Veuillez [&hellip;]\" \/>\n<meta property=\"og:url\" content=\"https:\/\/ebotv.com\/france\/affiliate\/\" \/>\n<meta property=\"og:site_name\" content=\"Ebotv\" \/>\n<meta property=\"article:modified_time\" content=\"2023-02-21T19:51:46+00:00\" \/>\n<meta name=\"twitter:card\" content=\"summary_large_image\" \/>\n<meta name=\"twitter:label1\" content=\"Est. reading time\" \/>\n\t<meta name=\"twitter:data1\" content=\"1 minute\" \/>\n<script type=\"application\/ld+json\" class=\"yoast-schema-graph\">{\"@context\":\"https:\\\/\\\/schema.org\",\"@graph\":[{\"@type\":\"WebPage\",\"@id\":\"https:\\\/\\\/ebotv.com\\\/france\\\/affiliate\\\/\",\"url\":\"https:\\\/\\\/ebotv.com\\\/france\\\/affiliate\\\/\",\"name\":\"Affiliate - Ebotv\",\"isPartOf\":{\"@id\":\"https:\\\/\\\/ebotv.com\\\/france\\\/#website\"},\"datePublished\":\"2022-10-09T00:21:27+00:00\",\"dateModified\":\"2023-02-21T19:51:46+00:00\",\"breadcrumb\":{\"@id\":\"https:\\\/\\\/ebotv.com\\\/france\\\/affiliate\\\/#breadcrumb\"},\"inLanguage\":\"en-US\",\"potentialAction\":[{\"@type\":\"ReadAction\",\"target\":[\"https:\\\/\\\/ebotv.com\\\/france\\\/affiliate\\\/\"]}]},{\"@type\":\"BreadcrumbList\",\"@id\":\"https:\\\/\\\/ebotv.com\\\/france\\\/affiliate\\\/#breadcrumb\",\"itemListElement\":[{\"@type\":\"ListItem\",\"position\":1,\"name\":\"Home\",\"item\":\"https:\\\/\\\/ebotv.com\\\/france\\\/\"},{\"@type\":\"ListItem\",\"position\":2,\"name\":\"Affiliate\"}]},{\"@type\":\"WebSite\",\"@id\":\"https:\\\/\\\/ebotv.com\\\/france\\\/#website\",\"url\":\"https:\\\/\\\/ebotv.com\\\/france\\\/\",\"name\":\"Ebotv\",\"description\":\"Meilleures offres d&#039;abonnement IPTV - Fournisseur IPTV premium #1\",\"publisher\":{\"@id\":\"https:\\\/\\\/ebotv.com\\\/france\\\/#organization\"},\"potentialAction\":[{\"@type\":\"SearchAction\",\"target\":{\"@type\":\"EntryPoint\",\"urlTemplate\":\"https:\\\/\\\/ebotv.com\\\/france\\\/?s={search_term_string}\"},\"query-input\":{\"@type\":\"PropertyValueSpecification\",\"valueRequired\":true,\"valueName\":\"search_term_string\"}}],\"inLanguage\":\"en-US\"},{\"@type\":\"Organization\",\"@id\":\"https:\\\/\\\/ebotv.com\\\/france\\\/#organization\",\"name\":\"Ebotv\",\"url\":\"https:\\\/\\\/ebotv.com\\\/france\\\/\",\"logo\":{\"@type\":\"ImageObject\",\"inLanguage\":\"en-US\",\"@id\":\"https:\\\/\\\/ebotv.com\\\/france\\\/#\\\/schema\\\/logo\\\/image\\\/\",\"url\":\"https:\\\/\\\/iptvthor.com\\\/wp-content\\\/uploads\\\/2022\\\/10\\\/logos.png\",\"contentUrl\":\"https:\\\/\\\/iptvthor.com\\\/wp-content\\\/uploads\\\/2022\\\/10\\\/logos.png\",\"width\":501,\"height\":165,\"caption\":\"Ebotv\"},\"image\":{\"@id\":\"https:\\\/\\\/ebotv.com\\\/france\\\/#\\\/schema\\\/logo\\\/image\\\/\"}}]}<\/script>\n<!-- \/ Yoast SEO plugin. -->","yoast_head_json":{"title":"Affiliate - Ebotv","robots":{"index":"index","follow":"follow","max-snippet":"max-snippet:-1","max-image-preview":"max-image-preview:large","max-video-preview":"max-video-preview:-1"},"canonical":"https:\/\/ebotv.com\/france\/affiliate\/","og_locale":"en_US","og_type":"article","og_title":"Affiliate - Ebotv","og_description":"AFFILI\u00c9 OU REVENDEUR Postulez \u00e0 notre programme d&#8217;affiliation Veuillez remplir le formulaire ci-dessous, un membre de notre \u00e9quipe vous contactera bient\u00f4t. Veuillez [&hellip;]","og_url":"https:\/\/ebotv.com\/france\/affiliate\/","og_site_name":"Ebotv","article_modified_time":"2023-02-21T19:51:46+00:00","twitter_card":"summary_large_image","twitter_misc":{"Est. reading time":"1 minute"},"schema":{"@context":"https:\/\/schema.org","@graph":[{"@type":"WebPage","@id":"https:\/\/ebotv.com\/france\/affiliate\/","url":"https:\/\/ebotv.com\/france\/affiliate\/","name":"Affiliate - Ebotv","isPartOf":{"@id":"https:\/\/ebotv.com\/france\/#website"},"datePublished":"2022-10-09T00:21:27+00:00","dateModified":"2023-02-21T19:51:46+00:00","breadcrumb":{"@id":"https:\/\/ebotv.com\/france\/affiliate\/#breadcrumb"},"inLanguage":"en-US","potentialAction":[{"@type":"ReadAction","target":["https:\/\/ebotv.com\/france\/affiliate\/"]}]},{"@type":"BreadcrumbList","@id":"https:\/\/ebotv.com\/france\/affiliate\/#breadcrumb","itemListElement":[{"@type":"ListItem","position":1,"name":"Home","item":"https:\/\/ebotv.com\/france\/"},{"@type":"ListItem","position":2,"name":"Affiliate"}]},{"@type":"WebSite","@id":"https:\/\/ebotv.com\/france\/#website","url":"https:\/\/ebotv.com\/france\/","name":"Ebotv","description":"Meilleures offres d&#039;abonnement IPTV - Fournisseur IPTV premium #1","publisher":{"@id":"https:\/\/ebotv.com\/france\/#organization"},"potentialAction":[{"@type":"SearchAction","target":{"@type":"EntryPoint","urlTemplate":"https:\/\/ebotv.com\/france\/?s={search_term_string}"},"query-input":{"@type":"PropertyValueSpecification","valueRequired":true,"valueName":"search_term_string"}}],"inLanguage":"en-US"},{"@type":"Organization","@id":"https:\/\/ebotv.com\/france\/#organization","name":"Ebotv","url":"https:\/\/ebotv.com\/france\/","logo":{"@type":"ImageObject","inLanguage":"en-US","@id":"https:\/\/ebotv.com\/france\/#\/schema\/logo\/image\/","url":"https:\/\/iptvthor.com\/wp-content\/uploads\/2022\/10\/logos.png","contentUrl":"https:\/\/iptvthor.com\/wp-content\/uploads\/2022\/10\/logos.png","width":501,"height":165,"caption":"Ebotv"},"image":{"@id":"https:\/\/ebotv.com\/france\/#\/schema\/logo\/image\/"}}]}},"uagb_featured_image_src":{"full":false,"thumbnail":false,"medium":false,"medium_large":false,"large":false,"1536x1536":false,"2048x2048":false,"uicore-medium":false,"woocommerce_thumbnail":false,"woocommerce_single":false,"woocommerce_gallery_thumbnail":false},"uagb_author_info":{"display_name":"admin","author_link":"https:\/\/ebotv.com\/france\/author\/admin\/"},"uagb_comment_info":0,"uagb_excerpt":"AFFILI\u00c9 OU REVENDEUR Postulez \u00e0 notre programme d&#8217;affiliation Veuillez remplir le formulaire ci-dessous, un membre de notre \u00e9quipe vous contactera bient\u00f4t. Veuillez [&hellip;]","jetpack_sharing_enabled":true,"_links":{"self":[{"href":"https:\/\/ebotv.com\/france\/wp-json\/wp\/v2\/pages\/850","targetHints":{"allow":["GET"]}}],"collection":[{"href":"https:\/\/ebotv.com\/france\/wp-json\/wp\/v2\/pages"}],"about":[{"href":"https:\/\/ebotv.com\/france\/wp-json\/wp\/v2\/types\/page"}],"author":[{"embeddable":true,"href":"https:\/\/ebotv.com\/france\/wp-json\/wp\/v2\/users\/1"}],"replies":[{"embeddable":true,"href":"https:\/\/ebotv.com\/france\/wp-json\/wp\/v2\/comments?post=850"}],"version-history":[{"count":0,"href":"https:\/\/ebotv.com\/france\/wp-json\/wp\/v2\/pages\/850\/revisions"}],"wp:attachment":[{"href":"https:\/\/ebotv.com\/france\/wp-json\/wp\/v2\/media?parent=850"}],"curies":[{"name":"wp","href":"https:\/\/api.w.org\/{rel}","templated":true}]}}